{"id":269,"date":"2019-02-25T22:21:11","date_gmt":"2019-02-25T21:21:11","guid":{"rendered":"http:\/\/lastausramppi.fi\/?page_id=269"},"modified":"2019-02-25T22:21:11","modified_gmt":"2019-02-25T21:21:11","slug":"iramp-portabel","status":"publish","type":"page","link":"https:\/\/www.lastausramppi.fi\/wpolku\/iramp-portabel\/","title":{"rendered":"iRamp Portabel"},"content":{"rendered":"<p>[vc_row bg_type=&#8221;bg_color&#8221; bg_color_value=&#8221;#f7f7f7&#8243;][vc_column][vc_custom_heading text=&#8221;IRAMP PORTABEL&#8221; font_container=&#8221;tag:h2|font_size:32px|text_align:center&#8221; google_fonts=&#8221;font_family:Lato%3A100%2C100italic%2C300%2C300italic%2Cregular%2Citalic%2C700%2C700italic%2C900%2C900italic|font_style:700%20bold%20regular%3A700%3Anormal&#8221;][us_separator size=&#8221;small&#8221; show_line=&#8221;1&#8243; line_width=&#8221;30&#8243; color=&#8221;switch_text&#8221;][vc_column_text el_class=&#8221;text3&#8243;]<\/p>\n<div class=\"sd-object sd-object-grid NORMAL O331941be\">\n<div class=\"row\">\n<div class=\"col-xs-12\">\n<div class=\"sd-object sd-text-left sd-object-text-image leadtextdark NORMAL O42b1df06\" style=\"text-align: center;\">IRP \u00e4r en portabel ramp som \u00e4r vikbar p\u00e5 l\u00e4ngden. Den ger en hel \u00e5kyta f\u00f6r till exempel elrullstolar och trehjulig skoter. En v\u00e4ldigt l\u00e4tt ramp i slitstarkt material och som h\u00e5ller f\u00f6r h\u00f6g belastning.<\/div>\n<\/div>\n<\/div>\n<\/div>\n<p>[\/vc_column_text][ultimate_spacer height=&#8221;16&#8243;][us_image image=&#8221;270&#8243; align=&#8221;center&#8221;][vc_row_inner][vc_column_inner width=&#8221;1\/3&#8243;][vc_column_text el_class=&#8221;text2&#8243;]<\/p>\n<h5 class=\"SUBHEADING\" style=\"text-align: center;\"><strong>Vikbar p\u00e5 l\u00e4ngden<\/strong><\/h5>\n<p>[\/vc_column_text][ultimate_spacer height=&#8221;8&#8243;][us_image image=&#8221;271&#8243; align=&#8221;center&#8221;][vc_column_text el_class=&#8221;text2&#8243;]Endast 5,5 cm tjock n\u00e4r rampen \u00e4r hopf\u00e4lld[\/vc_column_text][\/vc_column_inner][vc_column_inner width=&#8221;1\/3&#8243;][vc_column_text el_class=&#8221;text2&#8243;]<\/p>\n<h5 class=\"SUBHEADING\" style=\"text-align: center;\"><strong>Hel \u00e5kyta<\/strong><\/h5>\n<p>[\/vc_column_text][ultimate_spacer height=&#8221;8&#8243;][us_image image=&#8221;272&#8243; align=&#8221;center&#8221;][vc_column_text el_class=&#8221;text2&#8243;]Hel \u00e5kyta f\u00f6r till exempel elrullstolar och trehjulig skoter[\/vc_column_text][\/vc_column_inner][vc_column_inner width=&#8221;1\/3&#8243;][vc_column_text el_class=&#8221;text2&#8243;]<\/p>\n<h5 class=\"SUBHEADING\" style=\"text-align: center;\"><strong>L\u00e4tt och slitstark<\/strong><\/h5>\n<p>[\/vc_column_text][ultimate_spacer height=&#8221;8&#8243;][us_image image=&#8221;273&#8243; align=&#8221;center&#8221;][vc_column_text el_class=&#8221;text2&#8243;]En v\u00e4ldigt l\u00e4tt ramp i slitstarkt material som t\u00e5l h\u00f6g belastning.[\/vc_column_text][\/vc_column_inner][\/vc_row_inner][\/vc_column][\/vc_row][vc_row][vc_column][vc_custom_heading text=&#8221;iRamp IRP &#8211; Modeller&#8221; font_container=&#8221;tag:h2|font_size:32px|text_align:center&#8221; google_fonts=&#8221;font_family:Lato%3A100%2C100italic%2C300%2C300italic%2Cregular%2Citalic%2C700%2C700italic%2C900%2C900italic|font_style:700%20bold%20regular%3A700%3Anormal&#8221;][vc_row_inner gap=&#8221;10&#8243;][vc_column_inner width=&#8221;1\/3&#8243; css=&#8221;.vc_custom_1551033992409{background-color: #f7f7f7 !important;}&#8221;][vc_column_text el_class=&#8221;text2&#8243;]<\/p>\n<h5><strong>IRP050<\/strong><\/h5>\n<div>L\u00e4ngd (cm): 52<\/div>\n<div>Vikt (kg): 3,8<\/div>\n<div>Maxlast (kg): 400<\/div>\n<div>Bredd \u00e5kyta (cm): 76<br \/>\nBredd ihopf\u00e4lld (cm): 39<\/div>\n<div>Rek. maxh\u00f6jd (cm): 10<\/div>\n<p>[\/vc_column_text][\/vc_column_inner][vc_column_inner width=&#8221;1\/3&#8243; css=&#8221;.vc_custom_1551033530461{background-color: #f7f7f7 !important;}&#8221;][vc_column_text el_class=&#8221;text2&#8243;]<\/p>\n<h5><strong>IRP090<\/strong><\/h5>\n<div>L\u00e4ngd (cm): 92<\/div>\n<div>Vikt (kg): 6,5<\/div>\n<div>Maxlast (kg): 400<\/div>\n<div>Bredd \u00e5kyta (cm): 76<br \/>\nBredd ihopf\u00e4lld (cm): 39<\/div>\n<div>Rek. maxh\u00f6jd (cm): 20<\/div>\n<p>[\/vc_column_text][\/vc_column_inner][vc_column_inner width=&#8221;1\/3&#8243; css=&#8221;.vc_custom_1551033539221{background-color: #f7f7f7 !important;}&#8221;][vc_column_text el_class=&#8221;text2&#8243;]<\/p>\n<h5><strong>IRP120<\/strong><\/h5>\n<div>L\u00e4ngd (cm): 116<\/div>\n<div>Vikt (kg): 8,7<\/div>\n<div>Maxlast (kg): 400<\/div>\n<div>Bredd \u00e5kyta (cm): 76<br \/>\nBredd ihopf\u00e4lld (cm): 39<\/div>\n<div>Rek. maxh\u00f6jd (cm): 25<\/div>\n<p>[\/vc_column_text][\/vc_column_inner][\/vc_row_inner][vc_row_inner gap=&#8221;10&#8243;][vc_column_inner width=&#8221;1\/3&#8243; css=&#8221;.vc_custom_1551033992409{background-color: #f7f7f7 !important;}&#8221;][vc_column_text el_class=&#8221;text2&#8243;]<\/p>\n<h5><strong>IRP150<\/strong><\/h5>\n<div>L\u00e4ngd (cm): 150<\/div>\n<div>Vikt (kg): 10<\/div>\n<div>Maxlast (kg): 400<\/div>\n<div>Bredd \u00e5kyta (cm): 76<br \/>\nBredd ihopf\u00e4lld (cm): 39<\/div>\n<div>Rek. maxh\u00f6jd (cm): 30<\/div>\n<p>[\/vc_column_text][\/vc_column_inner][vc_column_inner width=&#8221;1\/3&#8243; css=&#8221;.vc_custom_1551033530461{background-color: #f7f7f7 !important;}&#8221;][vc_column_text el_class=&#8221;text2&#8243;]<\/p>\n<h5><strong>IRP170<\/strong><\/h5>\n<div>L\u00e4ngd (cm): 167<\/div>\n<div>Vikt (kg): 12,5<\/div>\n<div>Maxlast (kg): 400<\/div>\n<div>Bredd \u00e5kyta (cm): 76<br \/>\nBredd ihopf\u00e4lld (cm): 39<\/div>\n<div>Rek. maxh\u00f6jd (cm): 35<\/div>\n<p>[\/vc_column_text][\/vc_column_inner][vc_column_inner width=&#8221;1\/3&#8243; css=&#8221;.vc_custom_1551033539221{background-color: #f7f7f7 !important;}&#8221;][vc_column_text el_class=&#8221;text2&#8243;]<\/p>\n<h5><strong>IRP200<\/strong><\/h5>\n<div>L\u00e4ngd (cm): 200<\/div>\n<div>Vikt (kg): 14,7<\/div>\n<div>Maxlast (kg): 400<\/div>\n<div>Bredd \u00e5kyta (cm): 76<br \/>\nBredd ihopf\u00e4lld (cm): 39<\/div>\n<div>Rek. maxh\u00f6jd (cm): 40<\/div>\n<p>[\/vc_column_text][\/vc_column_inner][\/vc_row_inner][\/vc_column][\/vc_row][vc_row height=&#8221;small&#8221; color_scheme=&#8221;custom&#8221; us_bg_color=&#8221;#1b64a8&#8243; us_text_color=&#8221;#ffffff&#8221;][vc_column][us_socials items=&#8221;%5B%7B%22type%22%3A%22facebook%22%2C%22url%22%3A%22%23%22%2C%22icon%22%3A%22fab%7Capple%22%2C%22color%22%3A%22%23999999%22%7D%2C%7B%22type%22%3A%22youtube%22%2C%22url%22%3A%22%23%22%2C%22icon%22%3A%22fab%7Capple%22%2C%22color%22%3A%22%23999999%22%7D%5D&#8221; color=&#8221;text&#8221; hover=&#8221;none&#8221; size=&#8221;32px&#8221; align=&#8221;center&#8221;][\/vc_column][\/vc_row]<\/p>\n","protected":false},"excerpt":{"rendered":"<p>[vc_row bg_type=&#8221;bg_color&#8221; bg_color_value=&#8221;#f7f7f7&#8243;][vc_column][vc_custom_heading text=&#8221;IRAMP PORTABEL&#8221; font_container=&#8221;tag:h2|font_size:32px|text_align:center&#8221; google_fonts=&#8221;font_family:Lato%3A100%2C100italic%2C300%2C300italic%2Cregular%2Citalic%2C700%2C700italic%2C900%2C900italic|font_style:700%20bold%20regular%3A700%3Anormal&#8221;][us_separator size=&#8221;small&#8221; show_line=&#8221;1&#8243; line_width=&#8221;30&#8243; color=&#8221;switch_text&#8221;][vc_column_text el_class=&#8221;text3&#8243;] IRP \u00e4r en portabel ramp som \u00e4r vikbar p\u00e5 l\u00e4ngden. Den ger en hel \u00e5kyta f\u00f6r till exempel elrullstolar och trehjulig skoter. En v\u00e4ldigt l\u00e4tt ramp i slitstarkt material och som h\u00e5ller f\u00f6r h\u00f6g belastning. [\/vc_column_text][ultimate_spacer height=&#8221;16&#8243;][us_image image=&#8221;270&#8243; align=&#8221;center&#8221;][vc_row_inner][vc_column_inner width=&#8221;1\/3&#8243;][vc_column_text el_class=&#8221;text2&#8243;] Vikbar p\u00e5 [&hellip;]<\/p>\n","protected":false},"author":3,"featured_media":0,"parent":0,"menu_order":0,"comment_status":"closed","ping_status":"closed","template":"","meta":{"_et_pb_use_builder":"","_et_pb_old_content":"","_et_gb_content_width":"","footnotes":""},"class_list":["post-269","page","type-page","status-publish","hentry"],"_links":{"self":[{"href":"https:\/\/www.lastausramppi.fi\/wpolku\/wp-json\/wp\/v2\/pages\/269","targetHints":{"allow":["GET"]}}],"collection":[{"href":"https:\/\/www.lastausramppi.fi\/wpolku\/wp-json\/wp\/v2\/pages"}],"about":[{"href":"https:\/\/www.lastausramppi.fi\/wpolku\/wp-json\/wp\/v2\/types\/page"}],"author":[{"embeddable":true,"href":"https:\/\/www.lastausramppi.fi\/wpolku\/wp-json\/wp\/v2\/users\/3"}],"replies":[{"embeddable":true,"href":"https:\/\/www.lastausramppi.fi\/wpolku\/wp-json\/wp\/v2\/comments?post=269"}],"version-history":[{"count":1,"href":"https:\/\/www.lastausramppi.fi\/wpolku\/wp-json\/wp\/v2\/pages\/269\/revisions"}],"predecessor-version":[{"id":274,"href":"https:\/\/www.lastausramppi.fi\/wpolku\/wp-json\/wp\/v2\/pages\/269\/revisions\/274"}],"wp:attachment":[{"href":"https:\/\/www.lastausramppi.fi\/wpolku\/wp-json\/wp\/v2\/media?parent=269"}],"curies":[{"name":"wp","href":"https:\/\/api.w.org\/{rel}","templated":true}]}}