{"id":616,"date":"2019-03-19T14:19:11","date_gmt":"2019-03-19T13:19:11","guid":{"rendered":"http:\/\/lastausramppi.fi\/?page_id=616"},"modified":"2026-04-06T08:53:05","modified_gmt":"2026-04-06T05:53:05","slug":"kynnysrampit-peitelevyt","status":"publish","type":"page","link":"https:\/\/www.lastausramppi.fi\/wpolku\/kynnysrampit-peitelevyt\/","title":{"rendered":"Kynnysrampit &#8211; peitelevyt"},"content":{"rendered":"<p>[et_pb_section fb_built=&#8221;1&#8243; _builder_version=&#8221;4.27.6&#8243; custom_padding=&#8221;60px|0px|60px|0px|false|false&#8221; hover_enabled=&#8221;0&#8243; global_colors_info=&#8221;{}&#8221; background_enable_color=&#8221;off&#8221; sticky_enabled=&#8221;0&#8243;][et_pb_row _builder_version=&#8221;4.27.6&#8243; global_colors_info=&#8221;{}&#8221;][et_pb_column type=&#8221;4_4&#8243; _builder_version=&#8221;4.27.6&#8243; global_colors_info=&#8221;{}&#8221;][et_pb_text _builder_version=&#8221;4.27.6&#8243; header_2_font=&#8221;Lato||||700|||&#8221; header_2_text_align=&#8221;center&#8221; header_2_font_size=&#8221;36px&#8221; global_colors_info=&#8221;{}&#8221;]\t\t\t\t<\/p>\n<h2>KYNNYSRAMPIT \u2013 PEITELEVYT<\/h2>\n<p>[\/et_pb_text][et_pb_divider divider_weight=&#8221;2px&#8221; _builder_version=&#8221;4.27.6&#8243; global_colors_info=&#8221;{}&#8221;]\t\t\t[\/et_pb_divider][et_pb_text _builder_version=&#8221;4.27.6&#8243; text_font=&#8221;Lato||||||||&#8221; text_text_color=&#8221;#848484&#8243; text_font_size=&#8221;24px&#8221; text_orientation=&#8221;center&#8221; global_colors_info=&#8221;{}&#8221;]\t\t\t\t<\/p>\n<p>Terveen\u00e4 kynnyksen ylitt\u00e4minen ei ole usein ongelma. Jos liikkuvuuttasi rajoitetaan (esim. k\u00e4velij\u00e4 tai py\u00f6r\u00e4tuoli), kynnysarvot voivat olla esteit\u00e4 ja aiheuttaa ongelmia. Feal-kynnysrampit ja peitelevyt ovat ratkaisu moniin esteisiin. Voimme tarjota kynnysramppeja alumiinista, kumista tai kierr\u00e4tett\u00e4v\u00e4st\u00e4 muovista.<\/p>\n<p>[\/et_pb_text][\/et_pb_column][\/et_pb_row][et_pb_row _builder_version=&#8221;4.27.6&#8243; global_colors_info=&#8221;{}&#8221; column_structure=&#8221;1_2,1_2&#8243;][et_pb_column type=&#8221;1_2&#8243; _builder_version=&#8221;4.27.6&#8243; global_colors_info=&#8221;{}&#8221;][et_pb_blurb title=&#8221;Kynnysrampit alumiinista&#8221; image=&#8221;https:\/\/www.lastausramppi.fi\/wpolku\/wp-content\/uploads\/2019\/02\/13-1-1024&#215;634.jpg&#8221; alt=&#8221;Kynnysrampit alumiinista&#8221; _builder_version=&#8221;4.27.6&#8243; header_level=&#8221;h2&#8243; header_font=&#8221;Lato||||700|||&#8221; header_text_align=&#8221;center&#8221; header_font_size=&#8221;22px&#8221; background_color=&#8221;#ffffff&#8221; text_orientation=&#8221;center&#8221; module_alignment=&#8221;center&#8221; custom_padding=&#8221;20px|20px|20px|20px|false|false&#8221; image_max_width=&#8221;100%&#8221; global_colors_info=&#8221;{}&#8221;]\t\t\t[\/et_pb_blurb][et_pb_button button_url=&#8221;https:\/\/www.lastausramppi.fi\/wpolku\/kynnysrampit-alumiinista\/&#8221; button_text=&#8221;TUOTEVALIKOIMA&#8221; button_alignment=&#8221;center&#8221; _builder_version=&#8221;4.27.6&#8243; global_colors_info=&#8221;{}&#8221;]\t\t\t[\/et_pb_button][\/et_pb_column][et_pb_column type=&#8221;1_2&#8243; _builder_version=&#8221;4.27.6&#8243; global_colors_info=&#8221;{}&#8221;][et_pb_blurb title=&#8221;Kynnysrampit muovista&#8221; image=&#8221;https:\/\/www.lastausramppi.fi\/wpolku\/wp-content\/uploads\/2019\/02\/14-1.jpg&#8221; alt=&#8221;Kynnysrampit muovista&#8221; _builder_version=&#8221;4.27.6&#8243; header_level=&#8221;h2&#8243; header_font=&#8221;Lato||||700|||&#8221; header_text_align=&#8221;center&#8221; header_font_size=&#8221;22px&#8221; background_color=&#8221;#ffffff&#8221; text_orientation=&#8221;center&#8221; module_alignment=&#8221;center&#8221; custom_padding=&#8221;20px|20px|20px|20px|false|false&#8221; image_max_width=&#8221;100%&#8221; global_colors_info=&#8221;{}&#8221;]\t\t\t[\/et_pb_blurb][et_pb_button button_url=&#8221;https:\/\/www.lastausramppi.fi\/wpolku\/kynnysrampit-muovista\/&#8221; button_text=&#8221;TUOTEVALIKOIMA&#8221; button_alignment=&#8221;center&#8221; _builder_version=&#8221;4.27.6&#8243; global_colors_info=&#8221;{}&#8221;]\t\t\t[\/et_pb_button][\/et_pb_column][\/et_pb_row][et_pb_row _builder_version=&#8221;4.27.6&#8243; global_colors_info=&#8221;{}&#8221; column_structure=&#8221;1_2,1_2&#8243;][et_pb_column type=&#8221;1_2&#8243; _builder_version=&#8221;4.27.6&#8243; global_colors_info=&#8221;{}&#8221;][et_pb_blurb title=&#8221;Kynnysrampit kumista&#8221; image=&#8221;https:\/\/www.lastausramppi.fi\/wpolku\/wp-content\/uploads\/2019\/02\/15-1-1024&#215;634.jpg&#8221; alt=&#8221;Kynnysrampit kumista&#8221; _builder_version=&#8221;4.27.6&#8243; header_level=&#8221;h2&#8243; header_font=&#8221;Lato||||700|||&#8221; header_text_align=&#8221;center&#8221; header_font_size=&#8221;22px&#8221; background_color=&#8221;#ffffff&#8221; text_orientation=&#8221;center&#8221; module_alignment=&#8221;center&#8221; custom_padding=&#8221;20px|20px|20px|20px|false|false&#8221; image_max_width=&#8221;100%&#8221; global_colors_info=&#8221;{}&#8221;]\t\t\t[\/et_pb_blurb][et_pb_button button_url=&#8221;https:\/\/www.lastausramppi.fi\/wpolku\/kynnysrampit-kumista\/&#8221; button_text=&#8221;TUOTEVALIKOIMA&#8221; button_alignment=&#8221;center&#8221; _builder_version=&#8221;4.27.6&#8243; global_colors_info=&#8221;{}&#8221;]\t\t\t[\/et_pb_button][\/et_pb_column][et_pb_column type=&#8221;1_2&#8243; _builder_version=&#8221;4.27.6&#8243; global_colors_info=&#8221;{}&#8221;][et_pb_blurb title=&#8221;Peitelevyt&#8221; image=&#8221;https:\/\/www.lastausramppi.fi\/wpolku\/wp-content\/uploads\/2019\/02\/16-1-1024&#215;634.jpg&#8221; alt=&#8221;Peitelevyt&#8221; _builder_version=&#8221;4.27.6&#8243; header_level=&#8221;h2&#8243; header_font=&#8221;Lato||||700|||&#8221; header_text_align=&#8221;center&#8221; header_font_size=&#8221;22px&#8221; background_color=&#8221;#ffffff&#8221; text_orientation=&#8221;center&#8221; module_alignment=&#8221;center&#8221; custom_padding=&#8221;20px|20px|20px|20px|false|false&#8221; image_max_width=&#8221;100%&#8221; global_colors_info=&#8221;{}&#8221;]\t\t\t[\/et_pb_blurb][et_pb_button button_url=&#8221;https:\/\/www.lastausramppi.fi\/wpolku\/peitelevyt\/&#8221; button_text=&#8221;TUOTEVALIKOIMA&#8221; button_alignment=&#8221;center&#8221; _builder_version=&#8221;4.27.6&#8243; global_colors_info=&#8221;{}&#8221;]\t\t\t[\/et_pb_button][\/et_pb_column][\/et_pb_row][et_pb_row _builder_version=&#8221;4.27.6&#8243; global_colors_info=&#8221;{}&#8221;][et_pb_column type=&#8221;4_4&#8243; _builder_version=&#8221;4.27.6&#8243; global_colors_info=&#8221;{}&#8221;][et_pb_text _builder_version=&#8221;4.27.6&#8243; text_font=&#8221;Lato||||||||&#8221; text_text_color=&#8221;#848484&#8243; text_font_size=&#8221;24px&#8221; text_orientation=&#8221;center&#8221; global_colors_info=&#8221;{}&#8221;]\t\t\t\t<\/p>\n<p>Kynnysramppejamme voidaan tietysti k\u00e4ytt\u00e4\u00e4 my\u00f6s helposti sis\u00e4\u00e4n ja ulos \u2013 esimerkiksi polkupy\u00f6ri\u00e4, moottoripy\u00f6ri\u00e4, ruohonleikkureita ja laipioita \u2013 autotalli- tai varastotilan kynnyksen yli.<\/p>\n<p>[\/et_pb_text][\/et_pb_column][\/et_pb_row][\/et_pb_section]<\/p>\n","protected":false},"excerpt":{"rendered":"<p>KYNNYSRAMPIT \u2013 PEITELEVYT Terveen\u00e4 kynnyksen ylitt\u00e4minen ei ole usein ongelma. Jos liikkuvuuttasi rajoitetaan (esim. k\u00e4velij\u00e4 tai py\u00f6r\u00e4tuoli), kynnysarvot voivat olla esteit\u00e4 ja aiheuttaa ongelmia. Feal-kynnysrampit ja peitelevyt ovat ratkaisu moniin esteisiin. Voimme tarjota kynnysramppeja alumiinista, kumista tai kierr\u00e4tett\u00e4v\u00e4st\u00e4 muovista. Kynnysramppejamme voidaan tietysti k\u00e4ytt\u00e4\u00e4 my\u00f6s helposti sis\u00e4\u00e4n ja ulos \u2013 esimerkiksi polkupy\u00f6ri\u00e4, moottoripy\u00f6ri\u00e4, ruohonleikkureita ja laipioita [&hellip;]<\/p>\n","protected":false},"author":3,"featured_media":0,"parent":0,"menu_order":0,"comment_status":"closed","ping_status":"closed","template":"","meta":{"_et_pb_use_builder":"on","_et_pb_old_content":"[et_pb_section fb_built=\"1\" _builder_version=\"4.27.6\" background_color=\"#f7f7f7\" custom_padding=\"60px|0px|60px|0px|false|false\"]\r\n\t[et_pb_row _builder_version=\"4.27.6\" width=\"80%\"]\r\n\t\t[et_pb_column type=\"4_4\" _builder_version=\"4.27.6\"]\r\n\t\t\t[et_pb_text _builder_version=\"4.27.6\" header_2_font=\"Lato||||700|||\" header_2_font_size=\"36px\" header_2_text_align=\"center\"]\r\n\t\t\t\t<h2>KYNNYSRAMPIT \u2013 PEITELEVYT<\/h2>\r\n\t\t\t[\/et_pb_text]\r\n\r\n\t\t\t[et_pb_divider _builder_version=\"4.27.6\" divider_weight=\"2px\" divider_width=\"30px\" divider_color=\"#1a1a1a\"]\r\n\t\t\t[\/et_pb_divider]\r\n\r\n\t\t\t[et_pb_text _builder_version=\"4.27.6\" text_font=\"Lato||||||||\" text_font_size=\"24px\" text_text_color=\"#848484\" text_orientation=\"center\"]\r\n\t\t\t\t<p>Terveen\u00e4 kynnyksen ylitt\u00e4minen ei ole usein ongelma. Jos liikkuvuuttasi rajoitetaan (esim. k\u00e4velij\u00e4 tai py\u00f6r\u00e4tuoli), kynnysarvot voivat olla esteit\u00e4 ja aiheuttaa ongelmia. Feal-kynnysrampit ja peitelevyt ovat ratkaisu moniin esteisiin. Voimme tarjota kynnysramppeja alumiinista, kumista tai kierr\u00e4tett\u00e4v\u00e4st\u00e4 muovista.<\/p>\r\n\t\t\t[\/et_pb_text]\r\n\t\t[\/et_pb_column]\r\n\t[\/et_pb_row]\r\n\r\n\t[et_pb_row _builder_version=\"4.27.6\" width=\"80%\" gutter_width=\"2\"]\r\n\t\t[et_pb_column type=\"1_2\" _builder_version=\"4.27.6\"]\r\n\t\t\t[et_pb_blurb title=\"Kynnysrampit alumiinista\" image=\"https:\/\/www.lastausramppi.fi\/wpolku\/wp-content\/uploads\/2019\/02\/13-1-1024x634.jpg\" alt=\"Kynnysrampit alumiinista\" _builder_version=\"4.27.6\" header_level=\"h2\" header_font=\"Lato||||700|||\" header_font_size=\"22px\" header_text_align=\"center\" text_orientation=\"center\" image_max_width=\"100%\" module_alignment=\"center\" background_color=\"#ffffff\" custom_padding=\"20px|20px|20px|20px|false|false\"]\r\n\t\t\t[\/et_pb_blurb]\r\n\t\t\t[et_pb_button button_text=\"TUOTEVALIKOIMA\" button_url=\"https:\/\/www.lastausramppi.fi\/wpolku\/kynnysrampit-alumiinista\/\" button_alignment=\"center\" button_bg_color=\"#3A87CE\" button_text_color=\"#FFFFFF\" _builder_version=\"4.27.6\"]\r\n\t\t\t[\/et_pb_button]\r\n\t\t[\/et_pb_column]\r\n\r\n\t\t[et_pb_column type=\"1_2\" _builder_version=\"4.27.6\"]\r\n\t\t\t[et_pb_blurb title=\"Kynnysrampit muovista\" image=\"https:\/\/www.lastausramppi.fi\/wpolku\/wp-content\/uploads\/2019\/02\/14-1.jpg\" alt=\"Kynnysrampit muovista\" _builder_version=\"4.27.6\" header_level=\"h2\" header_font=\"Lato||||700|||\" header_font_size=\"22px\" header_text_align=\"center\" text_orientation=\"center\" image_max_width=\"100%\" module_alignment=\"center\" background_color=\"#ffffff\" custom_padding=\"20px|20px|20px|20px|false|false\"]\r\n\t\t\t[\/et_pb_blurb]\r\n\t\t\t[et_pb_button button_text=\"TUOTEVALIKOIMA\" button_url=\"https:\/\/www.lastausramppi.fi\/wpolku\/kynnysrampit-muovista\/\" button_alignment=\"center\" button_bg_color=\"#3A87CE\" button_text_color=\"#FFFFFF\" _builder_version=\"4.27.6\"]\r\n\t\t\t[\/et_pb_button]\r\n\t\t[\/et_pb_column]\r\n\t[\/et_pb_row]\r\n\r\n\t[et_pb_row _builder_version=\"4.27.6\" width=\"80%\" gutter_width=\"2\"]\r\n\t\t[et_pb_column type=\"1_2\" _builder_version=\"4.27.6\"]\r\n\t\t\t[et_pb_blurb title=\"Kynnysrampit kumista\" image=\"https:\/\/www.lastausramppi.fi\/wpolku\/wp-content\/uploads\/2019\/02\/15-1-1024x634.jpg\" alt=\"Kynnysrampit kumista\" _builder_version=\"4.27.6\" header_level=\"h2\" header_font=\"Lato||||700|||\" header_font_size=\"22px\" header_text_align=\"center\" text_orientation=\"center\" image_max_width=\"100%\" module_alignment=\"center\" background_color=\"#ffffff\" custom_padding=\"20px|20px|20px|20px|false|false\"]\r\n\t\t\t[\/et_pb_blurb]\r\n\t\t\t[et_pb_button button_text=\"TUOTEVALIKOIMA\" button_url=\"https:\/\/www.lastausramppi.fi\/wpolku\/kynnysrampit-kumista\/\" button_alignment=\"center\" button_bg_color=\"#3A87CE\" button_text_color=\"#FFFFFF\" _builder_version=\"4.27.6\"]\r\n\t\t\t[\/et_pb_button]\r\n\t\t[\/et_pb_column]\r\n\r\n\t\t[et_pb_column type=\"1_2\" _builder_version=\"4.27.6\"]\r\n\t\t\t[et_pb_blurb title=\"Peitelevyt\" image=\"https:\/\/www.lastausramppi.fi\/wpolku\/wp-content\/uploads\/2019\/02\/16-1-1024x634.jpg\" alt=\"Peitelevyt\" _builder_version=\"4.27.6\" header_level=\"h2\" header_font=\"Lato||||700|||\" header_font_size=\"22px\" header_text_align=\"center\" text_orientation=\"center\" image_max_width=\"100%\" module_alignment=\"center\" background_color=\"#ffffff\" custom_padding=\"20px|20px|20px|20px|false|false\"]\r\n\t\t\t[\/et_pb_blurb]\r\n\t\t\t[et_pb_button button_text=\"TUOTEVALIKOIMA\" button_url=\"https:\/\/www.lastausramppi.fi\/wpolku\/peitelevyt\/\" button_alignment=\"center\" button_bg_color=\"#3A87CE\" button_text_color=\"#FFFFFF\" _builder_version=\"4.27.6\"]\r\n\t\t\t[\/et_pb_button]\r\n\t\t[\/et_pb_column]\r\n\t[\/et_pb_row]\r\n\r\n\t[et_pb_row _builder_version=\"4.27.6\" width=\"80%\"]\r\n\t\t[et_pb_column type=\"4_4\" _builder_version=\"4.27.6\"]\r\n\t\t\t[et_pb_text _builder_version=\"4.27.6\" text_font=\"Lato||||||||\" text_font_size=\"24px\" text_text_color=\"#848484\" text_orientation=\"center\"]\r\n\t\t\t\t<p>Kynnysramppejamme voidaan tietysti k\u00e4ytt\u00e4\u00e4 my\u00f6s helposti sis\u00e4\u00e4n ja ulos \u2013 esimerkiksi polkupy\u00f6ri\u00e4, moottoripy\u00f6ri\u00e4, ruohonleikkureita ja laipioita \u2013 autotalli- tai varastotilan kynnyksen yli.<\/p>\r\n\t\t\t[\/et_pb_text]\r\n\t\t[\/et_pb_column]\r\n\t[\/et_pb_row]\r\n[\/et_pb_section]","_et_gb_content_width":"","footnotes":""},"class_list":["post-616","page","type-page","status-publish","hentry"],"_links":{"self":[{"href":"https:\/\/www.lastausramppi.fi\/wpolku\/wp-json\/wp\/v2\/pages\/616","targetHints":{"allow":["GET"]}}],"collection":[{"href":"https:\/\/www.lastausramppi.fi\/wpolku\/wp-json\/wp\/v2\/pages"}],"about":[{"href":"https:\/\/www.lastausramppi.fi\/wpolku\/wp-json\/wp\/v2\/types\/page"}],"author":[{"embeddable":true,"href":"https:\/\/www.lastausramppi.fi\/wpolku\/wp-json\/wp\/v2\/users\/3"}],"replies":[{"embeddable":true,"href":"https:\/\/www.lastausramppi.fi\/wpolku\/wp-json\/wp\/v2\/comments?post=616"}],"version-history":[{"count":7,"href":"https:\/\/www.lastausramppi.fi\/wpolku\/wp-json\/wp\/v2\/pages\/616\/revisions"}],"predecessor-version":[{"id":1339,"href":"https:\/\/www.lastausramppi.fi\/wpolku\/wp-json\/wp\/v2\/pages\/616\/revisions\/1339"}],"wp:attachment":[{"href":"https:\/\/www.lastausramppi.fi\/wpolku\/wp-json\/wp\/v2\/media?parent=616"}],"curies":[{"name":"wp","href":"https:\/\/api.w.org\/{rel}","templated":true}]}}